- 2*j. What is the highest common divisor of 95 and b?
5
Let u = -251 - -496. Calculate the highest common factor of 105 and u.
35
Suppose -22*r + 4789 + 3439 = 0. What is the highest common divisor of r and 136?
34
Let m(n) = -n**2 - 10*n + 16. Let c be m(-12). Let g = 13 + c. What is the greatest common divisor of g and 40?
5
Suppose 5*x - 8868 = 4*b, -5*x + 4*x - 5*b + 1791 = 0. Let y be (-3)/(-27) + x/54. Suppose s - 3 = 8. Calculate the greatest common factor of y and s.
11
Suppose -3*h = -5*h. Suppose 2 = -h*d + d. Suppose 13*o - 242 = -112. Calculate the highest common factor of d and o.
2
Suppose 2*l = -4*n + 308, -4*l - 3*n - 489 = -7*l. Let k = -33 - -53. What is the greatest common divisor of l and k?
20
Let a(d) = d**2 - 3*d - 15. Let t be a(8). Let j be (t/3)/1 + 4/6. Calculate the greatest common divisor of 63 and j.
9
Suppose 3*i = -2*h + 118, -i = h + h - 42. Let s = i + -26. Let z = 243 + -235. What is the greatest common factor of z and s?
4
Suppose -257 = 4*k - 5*k - z, 2*k + z = 509. What is the highest common factor of 36 and k?
36
Suppose -9*t + 11*t - 42 = -4*y, -4*t - 26 = -3*y. What is the highest common factor of y and 160?
10
Suppose 336 = 10*u + 11*u. Calculate the highest common factor of 112 and u.
16
Let n = 302 + -300. What is the highest common factor of 80 and n?
2
Suppose 4 = 2*t - 2. Suppose 46 = a - 3*r, -r + 5*r + 128 = t*a. Suppose s + 3 = 8. What is the highest common factor of a and s?
5
Suppose -3*t = 2*t - 20. Suppose t*w + k - 1 = -2*k, 3*w - 7 = -k. Calculate the greatest common divisor of w and 12.
4
Suppose -3*n + 25 = 2*n. Suppose -i + 23 = 5*m - 34, -n*i = 5*m - 45. Let l(k) = 36*k**2. Let q be l(-1). What is the highest common factor of m and q?
12
Let f be 5 - (1 - (-3 - -4)). Suppose -28 = -f*s + 22. What is the greatest common divisor of 25 and s?
5
Let r be -6*4/6*-4. Suppose 5 = 9*w - 10*w. Let c be 0*(-1)/w + (38 - -2). What is the highest common factor of c and r?
8
Let i = -27 + 27. Suppose u - 8 = 5*s + 1, u + s - 15 = i. What is the highest common divisor of 7 and u?
7
Suppose -59 - 1 = -3*x. Suppose -2 = -3*w + 7. Suppose w*d = d + x. Calculate the highest common factor of d and 10.
10
Let o(m) = 5*m**3 - 3*m**2 + 2*m - 1. Let k be o(1). Suppose 3*c = 3*z - 7*z + 142, z - 157 = -k*c. Calculate the highest common factor of 6 and c.
6
Let s be (10/8)/(2/8). Suppose s*a = 15*a - 80. What is the greatest common divisor of 32 and a?
8
Let x = -76 - -258. Suppose -59 = 4*z - 4*r - 175, 0 = -3*z + 4*r + 90. Calculate the highest common factor of z and x.
26
Let n be 6/20*-2 + 20988/180. Calculate the highest common divisor of n and 522.
58
Suppose -11*k - 119 + 812 = 0. What is the highest common divisor of 84 and k?
21
Suppose -54*v = -10*v - 113080. Calculate the greatest common divisor of 10 and v.
10
Let j(u) = -u**2 + 2. Let h be j(0). Let a = 0 + h. Suppose -4 = -5*o + 6. What is the highest common divisor of o and a?
2
Let q(r) = -5*r**3 + r + 2. Suppose 0 = -5*m - 0*m - 95. Let n = m - -18. Let w be q(n). What is the greatest common divisor of w and 54?
6
Let b be 2*(3 - 6/4). Suppose b*h + 3 = 9. Suppose -h*c - 134 = -3*j, 5*j = 6*j - 3*c - 47. What is the greatest common factor of j and 66?
22
Suppose 3*a + 0*a = 0. Suppose a = x - 5*x + 1324. Let w = x - 122. What is the greatest common divisor of w and 19?
19
Let r(l) = l**2 - 6*l. Let x be r(3). Let d = 22 + x. What is the greatest common divisor of 13 and d?
13
Let v(l) = l + 2*l**2 + 0*l + 9*l - 3. Suppose -4*r - 4*m = 19 + 21, -3*r - 2*m - 27 = 0. Let s be v(r). What is the greatest common factor of s and 100?
25
Let y be 1 - (2 + -1)*(-22 + -15). What is the greatest common divisor of y and 494?
38
Let q(a) = -a**3 + 24*a**2 - 20*a + 41. Let l be (-1)/(-8) + 549/24. Let w be q(l). What is the highest common factor of 20 and w?
10
Let f = -1418 + 1510. Calculate the highest common divisor of f and 1242.
46
Let v(m) = -m**3 + 2*m**2 + m - 2. Let t be v(2). Let y = 6 - t. Let g = -176 - -206. Calculate the highest common factor of y and g.
6
Let m = 117 + 23. Let w = -29 + 49. What is the highest common factor of m and w?
20
Suppose 6*j + 33 + 165 = 0. Let r be (-4)/(-8) + j/(-2). Suppose -r = p - 21. What is the highest common divisor of p and 1?
1
Let o = 40 + -25. Suppose 0*x - x + 2 = 0. Suppose 4*z - 335 = -4*i - 39, -x*z - 227 = -3*i. Calculate the highest common factor of o and i.
15
Let x be 2/(42/219) + (-3)/7. What is the highest common divisor of 4 and x?
2
Let y be 3 + (-8 - -4) + 20/4. Calculate the greatest common factor of 86 and y.
2
Let c = 384 + -216. Calculate the highest common factor of c and 48.
24
Let n = 1147 + -1123. Let b(s) = -5*s**3 - 5*s**2. Let u be b(-4). Calculate the greatest common factor of u and n.
24
Suppose -5*k - 43 = -133. Calculate the greatest common factor of k and 378.
18
Suppose -160*h + 5545 - 447 = -662. Let m be -2*(-1)/(-1) + 92. What is the highest common divisor of h and m?
18
Let q = 29 + -48. Let u = -9 - q. Suppose -2*f + 110 = -f. Calculate the highest common divisor of f and u.
10
Let x = 51 - -13. Let b be 2*5/10 + 11. Suppose -j = -4*v - v + b, -4*j + 36 = v. Calculate the greatest common divisor of x and j.
8
Suppose -4 = -d - 10. Let r(b) = b**3 + 6*b**2 - b - 4. Let j be r(d). Suppose -23 - 27 = -5*q. What is the highest common factor of j and q?
2
Suppose 2*o = 4*f + 74, 4*o - 155 = -o - 5*f. What is the highest common divisor of o and 385?
11
Suppose 399 = 7*t + 119. What is the highest common divisor of t and 24?
8
Suppose 3*q + q - 56 = 0. Suppose -s + 20 - 17 = 0. Let p be 5/s + -5 + (-48)/(-9). What is the greatest common factor of q and p?
2
Suppose -q = 12*q - 663. What is the highest common factor of q and 867?
51
Suppose 116 = 2*m - 92. What is the highest common factor of 286 and m?
26
Let m be (29 - -13)*147/9. Calculate the greatest common factor of 14 and m.
14
Let i(q) = -q**2 - 30*q - 25. Let g be i(-29). Suppose -37 - 4 = -y. Let w = y + g. Calculate the greatest common divisor of 18 and w.
9
Let q(v) = 4*v + 12. Let d be q(11). Suppose -d - 11 = -3*f - 2*j, -j - 71 = -4*f. Calculate the greatest common divisor of 19 and f.
19
Let g(u) = -u**3 - 8*u**2 - 23*u - 3. Let d be g(-4). Calculate the highest common divisor of 850 and d.
25
Suppose 0 = 5*s - 3*y - 2472, -2*y - 16 + 8 = 0. Calculate the highest common divisor of 12 and s.
12
Let o = 490 - 230. What is the highest common factor of o and 13?
13
Let a = -25 - -25. Suppose m = a, 0 = -3*l - 5*m + 2 + 4. Calculate the greatest common divisor of l and 2.
2
Let u be (1 - (-47413)/170) + (-1)/(-10). Calculate the highest common factor of 80 and u.
40
Suppose -3*j - 5*f + 57 = 0, 5*f + 3 = -4*j + 74. Calculate the highest common divisor of 658 and j.
14
Let j = -40 - -80. Suppose -12*b - 13 = -g - 16*b, 165 = 5*g - 5*b. Let s = j - g. Calculate the highest common factor of 1 and s.
1
Let f(i) = 2*i**3 - 3*i**2 + 4*i - 2. Let b be 3/(1 - 0) + -1. Let c be f(b). Suppose c = 2*a - 14. What is the greatest common divisor of a and 3?
3
Suppose 0 = -12*b + 16*b + 3*i - 125, 3*i = -3*b + 90. What is the highest common factor of b and 35?
35
Suppose -457 = -11*n + 21433. What is the greatest common factor of n and 10?
10
Let s(u) = 4*u**3 - 4*u**2 - u + 4. Let v be s(2). Let r be (30/9)/((16/v)/4). What is the greatest common divisor of 75 and r?
15
Let x be (0 - (1 + 2)) + (309 - 1). Let i be 4/6 + x/15. Suppose -2*s + 217 - 22 = -5*y, -2*y = -4*s + 414. What is the highest common factor of i and s?
21
Suppose 2*b = 4 + 2, 2*f - 17 = 5*b. Calculate the highest common divisor of 272 and f.
16
Let p be (-8)/68 + (-274)/(-17). Calculate the greatest common factor of p and 2.
2
Let s be -2 - 1 - (-43 - -1). Calculate the greatest common divisor of s and 351.
39
Suppose 46 = -5*b + 11. Let d = b + 18. Suppose -5*y + 16 = u, -2*u = 4*y - y - d. Calculate the greatest common factor of u and 5.
1
Let y(z) = 25 - 10*z - 9*z + 18*z. Let u be y(9). What is the greatest common factor of 128 and u?
16
Let t = -2339 + 2351. What is the greatest common divisor of 228 and t?
12
Let k(j) = -1. Let q(z) = 2*z**2 - z - 46. Let m(g) = 6*k(g) - q(g). Let f be m(0). Calculate the greatest common divisor of 8 and f.
8
Suppose